2 + -2)). What is the greatest common divisor of 39 and z?
13
Suppose -5229*i - 19727 - 28965 = -5303*i. Let n be ((1 + -3)*-7)/1. What is the highest common factor of n and i?
14
Let q be 5/(-2)*(-24)/15. Suppose -9*b - 11 = -11*b + 5*f, -5*b - f + 95 = 0. Calculate the greatest common factor of b and q.
2
Let p(a) = -9*a - 96. Let k = -67 + 43. Let m be p(k). What is the highest common factor of 80 and m?
40
Let c be (-13 - -2)*(-14070)/737. What is the greatest common divisor of 2226 and c?
42
Let p(l) = 130*l**3 + l**2 + l - 4. Let g be p(2). Suppose -3*x + 228 + 551 = -u, 0 = -4*x - 2*u + g. Calculate the highest common factor of x and 52.
52
Let n = 579 - -1355. Suppose n = 31*h + 601. Calculate the greatest common factor of 43 and h.
43
Let j(f) = -7*f + 184. Let v(u) = u - 46. Let a(i) = -2*j(i) - 9*v(i). Let x be a(-6). What is the highest common factor of 20 and x?
4
Suppose 80 = -5*n + 3*i, 5*n + 0*i = -2*i - 80. Let u be (7 - 1)*(n/6)/(-8). What is the highest common divisor of 16 and u?
2
Suppose 5*k = -z, -k + 3*z = -3*k. Let v(m) = -302*m**3 + 252 + 301*m**3 - m - m**2 - m. Let a be v(k). What is the greatest common factor of 36 and a?
36
Let q(s) = -595*s - 1186. Let o be q(-2). Calculate the greatest common divisor of o and 2856.
4
Let a = 129 + -121. Let o be a/1*42/42. Calculate the highest common divisor of o and 28.
4
Suppose 1889 + 1711 = 28*a + 20*a. Calculate the greatest common factor of a and 2745.
15
Let o be -1*(-9 - (10 - 9)). Suppose 4*c - 2*n - 6 = 3*c, -5*n - 20 = 0. Let a(i) = -i**3 - i. Let s be a(c). What is the highest common divisor of o and s?
10
Suppose 0 = t - 35 - 277. Suppose 3*y = -3*y + t. Let a = y + -25. What is the highest common divisor of a and 81?
27
Let t be (-196)/1862 + (-154)/(-19) - -429. What is the highest common divisor of 184 and t?
23
Let n be ((-4017)/1545)/((-2)/190). Calculate the highest common divisor of 117 and n.
13
Let w(o) = 2*o**2 - 16*o - 66. Suppose 44 = 5*q - 31. Let c be w(q). What is the greatest common divisor of c and 32?
16
Let h(p) = 2*p**3 - 7*p**2 - 2*p - 2. Let t = 1 + 4. Let j be h(t). Let k = -12963 + 13005. Calculate the highest common factor of k and j.
21
Let k be (2/(-10))/(4/(-20)). Suppose -106 = 7*t - k. Let j be 8/10 + (-258)/t. Calculate the highest common divisor of j and 162.
18
Suppose 3*a - 30 = -3. Let x be ((-891)/45 - -20)/(88/(-90) + 1). What is the highest common divisor of x and a?
9
Let z(u) = -36*u + 2233. Let b be z(-12). What is the greatest common factor of 30 and b?
5
Let f = -305 + 473. Suppose 4*v + 102 = 5*p, 4*p + v - 28 - 62 = 0. Let b be (3/(-9))/((-3)/(-9)) + p. Calculate the highest common factor of b and f.
21
Let q(v) = -6*v**2 + 2*v - 1. Let z be q(1). Let p = 833 - 883. Let r be 9/11 - (p/(-55))/z. What is the greatest common divisor of r and 11?
1
Suppose -8934*c = -8938*c + 968. Suppose 0 = -5*i - 2*j + 340, 128 = 2*i + 3*j - 19. Calculate the greatest common divisor of i and c.
22
Suppose 1369 + 407 = 74*w. Calculate the highest common divisor of w and 1112.
8
Suppose 5*s - 1793 = -4*z, -2*s - 5*z = -4*s + 704. Suppose 0 = 1022*q - 5146*q + 86604. What is the highest common divisor of q and s?
21
Let z be 110/99 + 898/18. What is the highest common divisor of z and 2397?
51
Suppose 70*t = -42*t + 52*t + 76320. Calculate the highest common factor of 3975 and t.
159
Suppose -l = 4*c - 117, c = -3*l + 1 + 31. Suppose -32*u = -c*u - 36. Calculate the greatest common divisor of 12 and u.
12
Let y = 94 + -84. Let w(m) = m**3 - 10*m**2 + m - 8. Let o be w(y). Suppose -o*x + 13 + 5 = 0. Calculate the greatest common factor of 81 and x.
9
Let z be (-1373)/(-5) - ((-12)/(-20) + (6 - 6)). What is the greatest common divisor of z and 2603?
137
Suppose 78*l - 27 = 69*l. Suppose l*k + 3*k = 192. What is the greatest common divisor of 32 and k?
32
Let s = 17888 - 15611. Calculate the highest common divisor of s and 414.
207
Let u = -37 + 133. Let z be 10/(-40)*-36 - ((1 - -4) + -8). What is the greatest common factor of z and u?
12
Let r(d) = 4*d + 3. Let i be r(2). Suppose 27*j = 20*j + 29022. Let u be 6/9 - j/(-18). What is the greatest common factor of u and i?
11
Let f be (8/1)/((-3)/(-1629)). Calculate the highest common factor of f and 24.
24
Let z(v) = 17*v. Let i be z(2). Let o(d) = -d**2 - 5*d + 13. Let r be o(-7). Let b be r/(-1 + (-32)/(-34)). Calculate the greatest common factor of b and i.
17
Let u(h) = h**3 + 12*h**2 - 3*h - 36. Let x be u(-12). Suppose -2*b + 852 - 320 = x. Calculate the highest common factor of 76 and b.
38
Suppose 0 = 2*p + 4*y - 2078, 2*p + 2*p - 4144 = -4*y. Let h = p - 817. What is the highest common divisor of 8 and h?
8
Let n = 491 + -238. Let p = -3779 + 3802. Calculate the highest common divisor of n and p.
23
Let z be 572/20 - (-12)/30. Let k be (28 - z)/((-3)/99). What is the greatest common divisor of k and 6?
3
Suppose 1076*l - 1027*l = 397537. What is the greatest common divisor of 133 and l?
133
Let z = -3250 - -3578. Suppose -5*v + 164 = -v. What is the highest common divisor of z and v?
41
Suppose 3 = -2*m - 1, 136 = 2*g - 2*m. Let s be (-36)/(-7) + 2/(-14) + 39. Calculate the greatest common divisor of g and s.
22
Let j(l) = 10*l**2 - 2*l + 1. Let p be j(3). Suppose 211*u - 360 = 2497 + 730. Calculate the highest common factor of u and p.
17
Suppose 0 = -4*i - 5*r + 335, -157*i + 162*i + 2*r - 389 = 0. What is the highest common factor of 175 and i?
25
Let x be 1593 - (-11 - (-1 - 3)). Calculate the highest common divisor of 64 and x.
64
Suppose 8025*j - 27404 = 8012*j. What is the highest common factor of j and 124?
124
Suppose 27*h = 107*h - 7360. What is the greatest common factor of 60 and h?
4
Suppose 24*l + 59*q - 56*q = 51480, 4*q + 4324 = 2*l. Calculate the greatest common divisor of 87 and l.
29
Let f be 9/6*(-492)/18*-20. What is the highest common divisor of 1312 and f?
164
Suppose 6 = -x, 2252 + 2698 = 4*o - 3*x. What is the highest common factor of o and 274?
137
Let j = 73 - 56. Let i(z) be the first derivative of -z**4/4 + 14*z**3/3 + 5*z**2 + 47*z - 31. Let d be i(14). Calculate the greatest common divisor of j and d.
17
Let q = 2420 + -2418. What is the greatest common factor of 38 and q?
2
Let m be (351/(-52) + 7)/((-2)/(-136)). Calculate the greatest common factor of m and 7361.
17
Let u = -26270 - -27256. What is the highest common divisor of u and 544?
34
Let x be (68/12 - 6)*0/1. Suppose -71*q + 68*q + 9 = x. What is the highest common factor of 18 and q?
3
Let l = -446 - -239. Let u = 217 + l. What is the highest common divisor of 2 and u?
2
Suppose 62*a - 42435 - 32355 = -28*a. What is the highest common factor of a and 14681?
277
Let t = -6904 - -9442. Calculate the greatest common divisor of t and 72.
18
Suppose -3*p + 1242 = 5*y + 198, 5*y - p = 1052. Calculate the greatest common divisor of y and 96.
6
Suppose 2*x - 166 = -4*n, -2*x + 5*n + 108 = -49. What is the greatest common divisor of 1107 and x?
27
Let g = 479 + -447. Calculate the greatest common divisor of g and 1536.
32
Suppose -1067*f = -1092*f + 47200. What is the greatest common factor of f and 59?
59
Let f = 15 - 15. Suppose 5*v + 3*o - 59 - 56 = f, 2*v - 4*o = 20. Suppose -h + 1 = -4*n - 15, 4*h + 4*n = 84. What is the highest common divisor of v and h?
20
Let c be 4 - (-115)/(-10)*-20. Let h = 8 - -44. Suppose -h = 6*a - 8*a. Calculate the greatest common factor of a and c.
26
Let t = 16356 - 15897. Calculate the highest common divisor of t and 34.
17
Suppose -l = 2*g - 17, -4*g + 8*g - 3*l = 9. Let x be (520/70 + -8)*-7 + 5. What is the greatest common factor of x and g?
3
Suppose 10*k = 33*k + 1035. Let c(b) = -8*b + 3. Let m be c(5). Let w = m - k. What is the highest common divisor of 4 and w?
4
Let p(m) = 3 - 6 - m - 5 + 2. Let k be p(-8). Suppose 200 = 4*j + 7*d - 2*d, -4*d = -k*j + 74. Calculate the highest common factor of 9 and j.
9
Let l = -33 - -37. Let m = 26 - 25. Let f be l/((1 + m)/(-1))*-14. Calculate the greatest common factor of f and 28.
28
Suppose 5*s = -2*x + 584, 92*s + 4*x - 588 = 87*s. Suppose -s*u + 83*u + 660 = 0. What is the highest common factor of 1220 and u?
20
Let x be (5 + (-27)/6)/(3/1476). Let i = x - 176. Let z = -37 + i. Calculate the greatest common fact